 -230 + 60. Let m = r + 265. What is the tens digit of m?
9
Let n = -32 - -66. Suppose -w + z + 4 = -38, w + 3*z = n. What is the units digit of w?
0
Suppose 475 = 5*f - 5*j, 5*j - j + 12 = 0. Suppose -l = -5*l + f. What is the units digit of l?
3
Let w = 57 + 74. Let z = -73 + 143. Let n = w - z. What is the tens digit of n?
6
Let c(l) = 146*l**2 - 13*l - 22. What is the thousands digit of c(-4)?
2
Let w(y) = y**3 - 2*y**2 + 3*y - 2. Let r be w(2). Let v be (-2)/(-2*r/32). Let f(l) = 3*l - 8. What is the units digit of f(v)?
6
Let g be (0 + -1)*-3 + -3. Let z = g + 3. What is the units digit of -1 - (z - 45/3)?
1
Let k(j) = -4 + 3 - 31*j + 6. What is the tens digit of k(-2)?
6
Suppose 4*i + 0*x - 100 = -2*x, 2*i - 2*x - 44 = 0. Let l = 171 - i. What is the hundreds digit of l?
1
Let a = 2709 - 246. What is the units digit of a?
3
Let v(y) = y**2 - 21*y - 11. Let t be v(15). Let f = -12 - t. What is the tens digit of f?
8
Suppose 3*a + 28 - 4 = 0. What is the units digit of 1*(-7)/(7/a)?
8
Suppose -t = 5*n - 453, 7*t - 2*t + 165 = 2*n. What is the units digit of n?
0
What is the units digit of 7/(-1) - (-463 + 20)?
6
Suppose 92*h = 84*h + 1280. What is the units digit of (-88)/(-10)*h/16?
8
Suppose z - 4 = -0. Let f(x) = 2*x**2 + 3*x - 3. Let m be f(1). Suppose -m*c = -p - 81, 0 = 5*p - z - 11. What is the units digit of c?
2
Suppose 0 = -9*u + 29913 - 258. What is the thousands digit of u?
3
Suppose -257*g + 289*g - 77280 = 0. What is the units digit of g?
5
Let b be ((-2044)/(-20) - 0) + 1/(-5). Suppose 5*h - 3*c - 285 = 291, -h + b = -5*c. What is the tens digit of h?
1
Let d = 243 - -78. What is the units digit of d?
1
Suppose 113 = z - 149. What is the hundreds digit of z?
2
What is the hundreds digit of 23544/27 - (-4)/(-2)?
8
Let d(m) = 11*m + 2. Let l(y) = 2*y**2 - 3*y. Let q be l(2). Suppose -q*s - 4 = -4*s. What is the units digit of d(s)?
4
Let x(m) = 66*m - 47. What is the tens digit of x(3)?
5
Let u(k) = k**2 - 13*k + 16. Let l be u(12). Suppose -300 = -0*a - l*a. Suppose -a = -0*g - 3*g. What is the tens digit of g?
2
Let n(k) = -5*k**3 - 3*k - 2. Let t = 11 + -5. Suppose -t*g - 8 = -2. What is the units digit of n(g)?
6
Suppose -5*g = 5*p + 8660, 2*p = 3*g - 0*p + 5201. Let z = g - -3805. What is the tens digit of (-4)/(-18) + z/72?
2
Let w = 108 + -108. Suppose -5*c + 13*c - 1712 = w. What is the tens digit of c?
1
Let h(j) = j**2 + 5*j - 3. Let x be h(-6). Suppose x*s - 1 = 8. Suppose w - 33 = -3*i, -s*i + w + 42 = -w. What is the tens digit of i?
1
Let k = 153 - 152. Let w(h) = -h**3 + 7*h**3 + 2*h**3 + h. What is the units digit of w(k)?
9
What is the tens digit of (-31472)/(-35) + (-8)/(-10)?
0
Suppose 10*m = 6*m + 8256. Suppose -15*u = -7*u - m. What is the hundreds digit of u?
2
Let c be 1/(-7) + (-75)/(-35). Suppose 29 = 2*i + 5*u - 46, c*i - u = 105. What is the units digit of i?
0
Suppose 1565 = 3*u + 164. What is the units digit of u?
7
Suppose -205 + 61 = -4*p - 3*y, -4*p + 4*y + 116 = 0. Let n = -2 + p. What is the units digit of n?
1
Let x(o) = -o**2 - 7*o + 2. Let k be x(-5). Let t = k + -8. Suppose t*j - 105 = -33. What is the tens digit of j?
1
Suppose 0 = -3*m - 4*g + 5273, 7*m - 5*g = 5*m + 3500. What is the tens digit of m?
5
Suppose 48*r + 5*k + 17715 = 52*r, -4445 = -r - 2*k. What is the hundreds digit of r?
4
Let n(u) = -u + 7. Let g be n(6). Suppose h + 3 + g = 0. What is the tens digit of (-238)/(-21)*(-6)/h?
1
What is the units digit of 24/((15/(-540))/((-30)/9))?
0
Suppose -s + 1664 = 270. What is the tens digit of s?
9
Let w = 36 - 34. What is the units digit of -2 - (w - 5) - -25?
6
Let q(v) = -v - 1. Let h(j) = -j - 2. Let p(a) = -5*h(a) + 4*q(a). Let l be p(-4). Suppose -3*u + 35 = l*u. What is the units digit of u?
7
Suppose 4 = -4*q - 32. Suppose -3*h - h + 3*t - 138 = 0, 2*h = -3*t - 60. Let f = q - h. What is the units digit of f?
4
Let o = 5 + 36. What is the units digit of ((-4)/8 + 0)*6 + o?
8
Let c(t) be the second derivative of t**4/12 - t**3/6 + t**2/2 - 37*t. What is the tens digit of c(-4)?
2
Suppose g + 21 = 5*s - g, -24 = -5*s + 3*g. Suppose j = s*j. Suppose j = -3*o + 4*m + 112, 116 = 4*o + m + 2*m. What is the tens digit of o?
3
Let h = -1330 + 3369. What is the tens digit of h?
3
Let q be (3 - 23)/(-4 - -2). Suppose 192 = -q*u + 572. What is the units digit of u?
8
Let i = -2 - -5. Suppose 0 = m - y - y - 14, 4*m - i*y - 56 = 0. Suppose 72 - m = 2*j. What is the tens digit of j?
2
Let n(c) = -2*c - 16. Let y be n(-9). Suppose 2*i + 2*i + 3*q - 259 = 0, y*i = q + 137. What is the tens digit of i?
6
Suppose -8*j + 11*j - 57 = 0. Let h = j - 15. Suppose -242 = -h*x + c + c, -224 = -4*x - 4*c. What is the tens digit of x?
5
Let n(x) be the third derivative of x**5/60 + x**3/3 - 8*x**2. What is the tens digit of n(4)?
1
Suppose 3*z + 5*g - 3568 = 0, -5*z + 3348 = -g - 2552. What is the units digit of z?
1
Suppose p - 3 = -0. Let u = 23 + -18. Suppose u*c = a + 24, p*c + 5*a = -c + 25. What is the units digit of c?
5
Let b be ((-36)/30)/((-184)/90 + 2). Let h = b + -8. What is the units digit of h?
9
Let q(h) = 2*h - 17. Let p(z) = -8*z + 68. Let o(t) = 2*p(t) + 9*q(t). What is the units digit of o(13)?
9
Let b = 415 - 362. What is the tens digit of b?
5
Let n(h) be the second derivative of -h**3/6 - h**2/2 + 2*h. What is the units digit of n(-3)?
2
Let y(o) = 9*o**2 + 3*o + 4. Let a be y(-2). Suppose -2*f - 5*r = -61 - 22, a = f - 5*r. What is the units digit of f?
9
Suppose -69708 = -19*m - 18*m. What is the units digit of m?
4
Suppose 0 = z - 511 - 2153. What is the units digit of z?
4
What is the hundreds digit of 9/(-4)*10624/(-48)?
4
Let o(d) = -85*d + 35. What is the tens digit of o(-11)?
7
Let z = 1290 + 1740. What is the hundreds digit of z?
0
Let w = 524 + 184. What is the units digit of w?
8
Let r(k) = k**2 + 7*k + 6. Let y be r(-7). Suppose -2*f + 56 = -y*f. What is the tens digit of f/(-21) + (-80)/(-6)?
1
Suppose 0 = 4*g + 3*j + 1261, 3*g - 257 + 1205 = -3*j. What is the tens digit of g/(-5) - (-16)/40?
6
Suppose 280*o - 275*o = 0. Suppose 4*t - 724 = -0*t - 3*s, o = -3*t - 3*s + 546. What is the hundreds digit of t?
1
Suppose 12*u - 793 - 8159 = 0. What is the units digit of u?
6
Let r(d) = 175*d + 683. What is the tens digit of r(10)?
3
Suppose 0 = -4*u + 3 + 17. Suppose -g + 79 = 4*s, -u*g - 41 = -s - g. What is the units digit of s?
1
Suppose 6*v + 209 = -355. Let i = v + 108. What is the units digit of i?
4
Let q(k) = 8*k**2 - 4*k + 6. What is the tens digit of q(-4)?
5
Suppose l = -3, -1 = 5*f + 3*l - 217. Let z(q) = q - 2. Let o be z(-6). Let v = f - o. What is the tens digit of v?
5
Let p(o) = -8*o**2 - 5*o + 5*o + 2*o + 9*o**2 + 19. Let v be 1 - (-1 - -1) - 1. What is the units digit of p(v)?
9
Let k = 152 + -97. Let o be (-27)/(-6)*(-1 + -7). Let m = k + o. What is the tens digit of m?
1
Let v = 908 - 107. What is the hundreds digit of v?
8
What is the thousands digit of (0 - -1826) + 0/78?
1
Let s = -1387 - -4893. What is the units digit of s?
6
Suppose 4 = -3*w - 2*z + 2, -2*w + 8 = -z. Let b(i) = 8*i**2 - i. Let h be b(1). Suppose -h - 1 = -w*k, -3*f - 5*k + 71 = 0. What is the units digit of f?
7
Suppose -15*p - 57278 = -41*p. What is the hundreds digit of p?
2
Suppose 0 = -62*q + 20*q + 12768. What is the tens digit of q?
0
Suppose -9 - 6 = 5*z. Let w(o) = -4*o**2 + 2*o - 2. Let n be w(z). Let f = n + 77. What is the tens digit of f?
3
Let d = -45 + 43. What is the tens digit of d/(-6) - 1/(6/(-100))?
1
Let p(y) = -y**3 + 9*y**2 + 4*y - 5. Let g be p(10). Let f = g - -103. What is the tens digit of f?
3
Let l be 14/3 + 34/(-51). Suppose -l*r + 4 = -0*r. What is the units digit of r?
1
Let n(u) = -32*u - 2*u**2 + 0*u**2 + 32*u - 84*u**3 + 1. What is the tens digit of n(-1)?
8
Let s(o) = 0 - 3*o**2 - 1 - o - 1 + 17*o**2. What is the units digit of s(-2)?
6
Suppose 2*o = -5*p + o - 655, 5*p + 680 = 4*o. Suppose -g - 81 = 4*j, 3*g + 79 = 4*j - 132. Let v = g - p. What is the units digit of v?
9
Suppose -f + 22 = -5*g - 17, -4*f + g + 99 = 0. What is the units digit of (-3*162/f)/((-3)/16)?
8
Let g(c) be the second derivative of c**6/24 + c**5/120 + 11*c**3/6 - 8*c. Let k(d) be the second derivative of g(d). What is the units digit of k(-1)?
4
Suppose 2*h + 3